{"id":8,"date":"2024-06-25T10:09:36","date_gmt":"2024-06-25T08:09:36","guid":{"rendered":"http:\/\/localhost\/Bureau%20a%CC%82me\/?page_id=8"},"modified":"2025-11-05T14:38:12","modified_gmt":"2025-11-05T13:38:12","slug":"bureau-darchitecture-dinterieur","status":"publish","type":"page","link":"https:\/\/bureauame.be\/","title":{"rendered":"Accueil"},"content":{"rendered":"","protected":false},"excerpt":{"rendered":"","protected":false},"author":1,"featured_media":0,"parent":0,"menu_order":0,"comment_status":"closed","ping_status":"closed","template":"","meta":{"_acf_changed":false,"footnotes":""},"class_list":["post-8","page","type-page","status-publish","hentry"],"acf":[],"yoast_head":"<!-- This site is optimized with the Yoast SEO plugin v25.6 - https:\/\/yoast.com\/wordpress\/plugins\/seo\/ -->\n<title>Accueil - Bureau \u00c2me<\/title>\n<meta name=\"description\" content=\"ARCHITECTURE D&#039;INT\u00c9RIEUR | Nous cr\u00e9ons des lieux uniques, hybrides, vivants et incarn\u00e9s. Retail, horeca, espace pro\" \/>\n<meta name=\"robots\" content=\"index, follow, max-snippet:-1, max-image-preview:large, max-video-preview:-1\" \/>\n<link rel=\"canonical\" href=\"https:\/\/bureauame.be\/\" \/>\n<meta property=\"og:locale\" content=\"fr_FR\" \/>\n<meta property=\"og:type\" content=\"article\" \/>\n<meta property=\"og:title\" content=\"Accueil - Bureau \u00c2me\" \/>\n<meta property=\"og:description\" content=\"ARCHITECTURE D&#039;INT\u00c9RIEUR | Nous cr\u00e9ons des lieux uniques, hybrides, vivants et incarn\u00e9s. Retail, horeca, espace pro\" \/>\n<meta property=\"og:url\" content=\"https:\/\/bureauame.be\/\" \/>\n<meta property=\"og:site_name\" content=\"Bureau \u00c2me\" \/>\n<meta property=\"article:modified_time\" content=\"2025-11-05T13:38:12+00:00\" \/>\n<meta name=\"twitter:card\" content=\"summary_large_image\" \/>\n<meta name=\"twitter:label1\" content=\"Dur\u00e9e de lecture est.\" \/>\n\t<meta name=\"twitter:data1\" content=\"13 minutes\" \/>\n<script type=\"application\/ld+json\" class=\"yoast-schema-graph\">{\"@context\":\"https:\/\/schema.org\",\"@graph\":[{\"@type\":\"WebPage\",\"@id\":\"https:\/\/bureauame.be\/\",\"url\":\"https:\/\/bureauame.be\/\",\"name\":\"Accueil - Bureau \u00c2me\",\"isPartOf\":{\"@id\":\"https:\/\/bureauame.be\/#website\"},\"datePublished\":\"2024-06-25T08:09:36+00:00\",\"dateModified\":\"2025-11-05T13:38:12+00:00\",\"description\":\"ARCHITECTURE D'INT\u00c9RIEUR | Nous cr\u00e9ons des lieux uniques, hybrides, vivants et incarn\u00e9s. Retail, horeca, espace pro\",\"breadcrumb\":{\"@id\":\"https:\/\/bureauame.be\/#breadcrumb\"},\"inLanguage\":\"fr-BE\",\"potentialAction\":[{\"@type\":\"ReadAction\",\"target\":[\"https:\/\/bureauame.be\/\"]}]},{\"@type\":\"BreadcrumbList\",\"@id\":\"https:\/\/bureauame.be\/#breadcrumb\",\"itemListElement\":[{\"@type\":\"ListItem\",\"position\":1,\"name\":\"Accueil\",\"item\":\"https:\/\/bureauame.be\/\"},{\"@type\":\"ListItem\",\"position\":2,\"name\":\"Accueil\"}]},{\"@type\":\"WebSite\",\"@id\":\"https:\/\/bureauame.be\/#website\",\"url\":\"https:\/\/bureauame.be\/\",\"name\":\"Bureau \u00c2me\",\"description\":\"\",\"potentialAction\":[{\"@type\":\"SearchAction\",\"target\":{\"@type\":\"EntryPoint\",\"urlTemplate\":\"https:\/\/bureauame.be\/?s={search_term_string}\"},\"query-input\":{\"@type\":\"PropertyValueSpecification\",\"valueRequired\":true,\"valueName\":\"search_term_string\"}}],\"inLanguage\":\"fr-BE\"}]}<\/script>\n<!-- \/ Yoast SEO plugin. -->","yoast_head_json":{"title":"Accueil - Bureau \u00c2me","description":"ARCHITECTURE D'INT\u00c9RIEUR | Nous cr\u00e9ons des lieux uniques, hybrides, vivants et incarn\u00e9s. Retail, horeca, espace pro","robots":{"index":"index","follow":"follow","max-snippet":"max-snippet:-1","max-image-preview":"max-image-preview:large","max-video-preview":"max-video-preview:-1"},"canonical":"https:\/\/bureauame.be\/","og_locale":"fr_FR","og_type":"article","og_title":"Accueil - Bureau \u00c2me","og_description":"ARCHITECTURE D'INT\u00c9RIEUR | Nous cr\u00e9ons des lieux uniques, hybrides, vivants et incarn\u00e9s. Retail, horeca, espace pro","og_url":"https:\/\/bureauame.be\/","og_site_name":"Bureau \u00c2me","article_modified_time":"2025-11-05T13:38:12+00:00","twitter_card":"summary_large_image","twitter_misc":{"Dur\u00e9e de lecture est.":"13 minutes"},"schema":{"@context":"https:\/\/schema.org","@graph":[{"@type":"WebPage","@id":"https:\/\/bureauame.be\/","url":"https:\/\/bureauame.be\/","name":"Accueil - Bureau \u00c2me","isPartOf":{"@id":"https:\/\/bureauame.be\/#website"},"datePublished":"2024-06-25T08:09:36+00:00","dateModified":"2025-11-05T13:38:12+00:00","description":"ARCHITECTURE D'INT\u00c9RIEUR | Nous cr\u00e9ons des lieux uniques, hybrides, vivants et incarn\u00e9s. Retail, horeca, espace pro","breadcrumb":{"@id":"https:\/\/bureauame.be\/#breadcrumb"},"inLanguage":"fr-BE","potentialAction":[{"@type":"ReadAction","target":["https:\/\/bureauame.be\/"]}]},{"@type":"BreadcrumbList","@id":"https:\/\/bureauame.be\/#breadcrumb","itemListElement":[{"@type":"ListItem","position":1,"name":"Accueil","item":"https:\/\/bureauame.be\/"},{"@type":"ListItem","position":2,"name":"Accueil"}]},{"@type":"WebSite","@id":"https:\/\/bureauame.be\/#website","url":"https:\/\/bureauame.be\/","name":"Bureau \u00c2me","description":"","potentialAction":[{"@type":"SearchAction","target":{"@type":"EntryPoint","urlTemplate":"https:\/\/bureauame.be\/?s={search_term_string}"},"query-input":{"@type":"PropertyValueSpecification","valueRequired":true,"valueName":"search_term_string"}}],"inLanguage":"fr-BE"}]}},"_links":{"self":[{"href":"https:\/\/bureauame.be\/index.php?rest_route=\/wp\/v2\/pages\/8"}],"collection":[{"href":"https:\/\/bureauame.be\/index.php?rest_route=\/wp\/v2\/pages"}],"about":[{"href":"https:\/\/bureauame.be\/index.php?rest_route=\/wp\/v2\/types\/page"}],"author":[{"embeddable":true,"href":"https:\/\/bureauame.be\/index.php?rest_route=\/wp\/v2\/users\/1"}],"replies":[{"embeddable":true,"href":"https:\/\/bureauame.be\/index.php?rest_route=%2Fwp%2Fv2%2Fcomments&post=8"}],"version-history":[{"count":297,"href":"https:\/\/bureauame.be\/index.php?rest_route=\/wp\/v2\/pages\/8\/revisions"}],"predecessor-version":[{"id":1007,"href":"https:\/\/bureauame.be\/index.php?rest_route=\/wp\/v2\/pages\/8\/revisions\/1007"}],"wp:attachment":[{"href":"https:\/\/bureauame.be\/index.php?rest_route=%2Fwp%2Fv2%2Fmedia&parent=8"}],"curies":[{"name":"wp","href":"https:\/\/api.w.org\/{rel}","templated":true}]}}